 7, what is 6 + 34641?
34650
In base 10, what is 2 - -2666?
2668
In base 10, what is -285 - -35714?
35429
In base 3, what is -2021212000 - -1?
-2021211222
In base 2, what is -1001111010101 - 1111?
-1001111100100
In base 11, what is -55 - 7a?
-124
In base 5, what is 2 - -32111203?
32111210
In base 5, what is 12 - -223420?
223432
In base 8, what is -13131762 + 3?
-13131757
In base 14, what is -5dd - 20?
-61d
In base 13, what is -3 + 6265?
6262
In base 13, what is -15 + -17c8a?
-17ca2
In base 13, what is 102 + 293?
395
In base 11, what is 115 + 317?
431
In base 3, what is 2 - -11100011?
11100020
In base 10, what is 2 - -7300?
7302
In base 11, what is -44 - 5308?
-5351
In base 14, what is 12ad - 5b?
1252
In base 12, what is 4 + 12029?
12031
In base 6, what is -13153 - -22?
-13131
In base 12, what is -28b0 - 0?
-28b0
In base 2, what is -1001 - 1001000001101?
-1001000010110
In base 2, what is -1000001100000010 - -101?
-1000001011111101
In base 16, what is -9f - 127?
-1c6
In base 4, what is 2 - 1001100020?
-1001100012
In base 12, what is 3 + b1171?
b1174
In base 14, what is -4dba8 + -7?
-4dbb1
In base 10, what is 29102 + -1?
29101
In base 15, what is c8 - -e?
d7
In base 15, what is -8 + -d77?
-d80
In base 3, what is 112 + 1120211210?
1120212022
In base 7, what is -3603 + 43?
-3530
In base 8, what is 54 + -1503?
-1427
In base 13, what is 137 + -264?
-12a
In base 3, what is 10 - 111012110?
-111012100
In base 10, what is -756 - -19?
-737
In base 2, what is 11 + -111000101110?
-111000101011
In base 16, what is -40d8 - -2?
-40d6
In base 14, what is -2d + -13201?
-13230
In base 6, what is 414113 - 5?
414104
In base 13, what is 2 + -996?
-994
In base 3, what is -10111012102 + 11?
-10111012021
In base 3, what is -1111 + 12010011?
12001200
In base 2, what is 1000011101110000 - 1001?
1000011101100111
In base 8, what is 61210 - -3?
61213
In base 11, what is 4 - 8a528?
-8a524
In base 4, what is 1101 + -3032030?
-3030323
In base 8, what is -1037 + -1?
-1040
In base 12, what is -8993 - 6?
-8999
In base 2, what is -1100110010 - -100100?
-1100001110
In base 10, what is 70 - -914?
984
In base 9, what is 106007 + -30?
105867
In base 9, what is -8 + 6481?
6472
In base 9, what is 200062 - 4?
200057
In base 14, what is c420b + -3?
c4208
In base 7, what is 54 - -135?
222
In base 4, what is -10202 - 1000103?
-1010311
In base 6, what is 3 - 214353?
-214350
In base 7, what is 12 - 6336?
-6324
In base 11, what is -524 + -526?
-a4a
In base 2, what is 11100 - -101010101101?
101011001001
In base 5, what is 3 - -14011012?
14011020
In base 16, what is -1c2 + -4c5?
-687
In base 8, what is 410163 + 3?
410166
In base 5, what is -3012231 + -2?
-3012233
In base 11, what is -4 + -129187?
-129190
In base 2, what is -1101 + -100001100011?
-100001110000
In base 7, what is 205 + -4416?
-4211
In base 15, what is -767 - 13?
-77a
In base 14, what is 87b1 - -5?
87b6
In base 8, what is -2 + -511331?
-511333
In base 5, what is -4 - 133344?
-133403
In base 4, what is -1 + -30021030?
-30021031
In base 16, what is b + 195c?
1967
In base 2, what is -1101 + 10010111110?
10010110001
In base 10, what is -313274 - -3?
-313271
In base 8, what is 4 + 2656?
2662
In base 13, what is -5c9 - 4c?
-648
In base 7, what is -153606 + -5?
-153614
In base 2, what is 101011000010001 + 10010000?
101011010100001
In base 4, what is 12233312 + 120?
12300032
In base 9, what is 2 - -1241171?
1241173
In base 14, what is -15 - 10cc?
-1103
In base 5, what is 3 + -200301010?
-200301002
In base 15, what is 5 + -7eec?
-7ee7
In base 7, what is -141514 + 4?
-141510
In base 13, what is 0 + 441?
441
In base 9, what is 1467 - 73?
1384
In base 11, what is -3 + -167363?
-167366
In base 16, what is -4 - 1494b?
-1494f
In base 11, what is 1898819 - 5?
1898814
In base 10, what is 56 + 518?
574
In base 6, what is 3 + 134054?
134101
In base 13, what is 26 + -2b1b8?
-2b192
In base 10, what is 43 - -34485?
34528
In base 3, what is -10 + 210010202201?
210010202121
In base 11, what is -2 - -27596?
27594
In base 11, what is -1089 - 67?
-1145
In base 3, what is -1020 - -2002121?
2001101
In base 15, what is 39d3 + 199?
3b7c
In base 9, what is -137255 - -15?
-137240
In base 11, what is -32 - -337?
305
In base 7, what is -1 + -164411?
-164412
In base 6, what is -1505044 + 3?
-1505041
In base 16, what is -4 + -1684?
-1688
In base 7, what is 411 + -2214?
-1503
In base 13, what is 25cb3 + 16?
25cc9
In base 7, what is -10361165 - -4?
-10361161
In base 9, what is -781035 - 2?
-781037
In base 10, what is -12 - 7295?
-7307
In base 15, what is -41cea - 2?
-41cec
In base 3, what is -10220 - 2102?
-20022
In base 9, what is 5 + 84443?
84448
In base 16, what is 8 + -d9c83?
-d9c7b
In base 14, what is 57 - -a426?
a47d
In base 15, what is 56 + -da?
-84
In base 6, what is 31515325 + 5?
31515334
In base 9, what is -1704 - 2?
-1706
In base 3, what is -11100102210 - 2?
-11100102212
In base 15, what is 4d7 - -68?
550
In base 8, what is -3 + -160337?
-160342
In base 6, what is 4031 + 333?
4404
In base 9, what is 73503 + 1?
73504
In base 12, what is 6926 + 7?
6931
In base 2, what is -1110000001011011 - 0?
-1110000001011011
In base 7, what is -6344133 + 5?
-6344125
In base 11, what is -59 - 176?
-224
In base 9, what is 342 + 305?
647
In base 4, what is -323 - 1211?
-2200
In base 6, what is -1051211 - 3?
-1051214
In base 8, what is 1076246 - 2?
1076244
In base 13, what is -1 + -223c?
-2240
In base 4, what is -10 - 1111132?
-1111202
In base 12, what is -1 + 13913?
13912
In base 16, what is 441 + 1d?
45e
In base 10, what is 7 - -77279?
77286
In base 9, what is -6242 + 374?
-5757
In base 13, what is 4 + a37?
a3b
In base 10, what is -111438 - 1?
-111439
In base 14, what is -78d51 + 3?
-78d4c
In base 5, what is 1 + 110234?
110240
In base 8, what is 17 + -44657?
-44640
In base 8, what is 1 + -4170?
-4167
In base 4, what is 101 + -323311?
-323210
In base 16, what is -453 - 24f?
-6a2
In base 2, what is 10010000100001 + -10010?
10010000001111
In base 5, what is 2242 + 1132411?
1140203
In base 2, what is 1 - -10101011000?
10101011001
In base 6, what is 343413 - 5?
343404
In base 11, what is -4 - -a0a9?
a0a5
In base 2, what is -101 - -100101100101111101010?
100101100101111100101
In base 5, what is 20211143 + -2?
20211141
In base 14, what is 46 - -63?
a9
In base 11, what is -1 - 17a646?
-17a647
In base 16, what is 4088 + 5?
408d
In base 12, what is 14b3b - 1?
14b3a
In base 7, what is -4253645 + -5?
-4253653
In base 12, what is -4 - -69973?
6996b
In base 13, what is -2b31 - 6?
-2b37
In base 13, what is a + -2ba?
-2b0
In base 5, what is -4334144 + -2?
-4334201
In base 12, what is 4 + 2842a9?
2842b1
In base 8, what is -7 + -13465?
-13474
In base 5, what is 2121023 + -202?
2120321
In base 15, what is -76 - -3aeb?
3a75
In base 16, what is 1ab + -c69?
-abe
In base 16, what is -6 - -e85?
e7f
In base 10, what is -4927 - -141?
-4786
In base 6, what is -10 - 55445?
-55455
In base 9, what is 1051638 - -5?
1051644
In base 3, what is -10 + -10002100121?
-10002100201
In base 10, what is 2036 - -74?
2110
In base 3, what is 1201121121 - -100?
1201121221
In base 3, what is 210 + -10120121012?
-10120120102
In base 13, what is 1 - -3c0?
3c1
In base 5, what is 23114033 - 10?
23114023
In base 3, what is 2100020100 - -1000?
2100021100
In base 13, what is b + -502?
-4c4
In base 13, what is -37 - -b71?
b37
In base 3, what is -21 + 21001102?
21001011
In base 9, what is -11 - -1402?
1381
In base 5, what is -324 + -23302?
-24131
In base 6, what is 2 + -2242224?
-2242222
In base 14, what is -3 + 42880?
4287b
In base 6, what is 0 + -453235?
-453235
In base 15, what is 16 - -3b3?
3c9
In base 9, what is 556 + -13?
543
In base 7, what is -301 - 15323?
-15624
In base 7, what is -22401 - -3?
-22365
In base 5, what is -21 + 24321340?
24321314
In base 15, what is 5 + 7944c?
79452
In base 3, what is -12 + -1122020120?
-1122020202
In base 3, what is -110000 - -20101?
-12122
In base 12, what is -1ab4a6 + -5?
-1ab4ab
In base 12, what is 0 - a861?
-a861
In base 14, what is -1a + -34?
-50
In base 16, what is 161fda + 4?
161fde
In base 3, what is 201 - -210022022?
210100000
In base 16, what is 4dcb + b?
4dd6
In base 4, what is 0 + 11322101?
11322101
In base 13, what is 5 - 445c0?
-445b8
In base 11, what is -157 - -129?
-29
